(-2))/((-102)/(-11985)) is divided by 48?
46
Suppose -3*p = 5*q + 2317 - 4727, 0 = -4*p - 3*q + 3195. Calculate the remainder when 1598 is divided by p.
8
Let c(d) = -79*d + 42. Let l be c(-1). Suppose 3*q - 47 - l = 3*n, -4*q + 2*n = -234. Calculate the remainder when q is divided by 24.
13
Let u(n) = 3*n**2 + n - 39. Suppose -8*i = -13*i - 30. Let k be u(i). Suppose -2*f = -k + 53. What is the remainder when 19 is divided by f?
4
Let x(i) = 20*i - 32. Let f(g) = g**2 + 14*g - 2. Calculate the remainder when f(-16) is divided by x(3).
2
Let j(c) = 16*c + 90. What is the remainder when -3*2*(-78)/6 is divided by j(-5)?
8
Let m = -4 + 6. Suppose 4*w + 2*r = 8*w - 38, w - 14 = -r. Let h(q) = -q**2 + 12*q - 10. What is the remainder when m is divided by h(w)?
0
Let g = 12011 - 11982. Calculate the remainder when 2724 is divided by g.
27
Suppose 5 + 3 = 2*b. Suppose -2*p + 3*m = -38 - 221, 4*m + 658 = 5*p. Let g = 149 - p. Calculate the remainder when g is divided by b.
3
Suppose -3*q + q + 180 = 0. Suppose 36*t - 216*t = -45*t - 8*t - 4445. Calculate the remainder when q is divided by t.
20
Suppose -108 = -48*v + 52*v. Suppose -3*g + 131 = 3*b - 4, -2*b = -2*g + 90. Calculate the remainder when g is divided by -4 + ((-72)/v)/(1/6).
9
Suppose 363 = 2*k - u, -306 = -3*k + u + 237. What is the remainder when 316 is divided by k?
136
Suppose 89*d - 7104 = 57*d. Suppose 118 + d = 10*b. What is the remainder when b is divided by 18 + 1/(-2)*0?
16
Let f(d) = 5*d + 27. Let h(m) = -m**3 + 17*m**2 - 20*m + 38. Let v be h(16). Let p = 52 + v. Calculate the remainder when f(20) is divided by p.
23
Let n(g) = 115*g + 150. Calculate the remainder when 2029 is divided by n(-1).
34
What is the remainder when (49 - -1*1) + 1 is divided by (-2436)/(-27608) + 1218/68?
15
Let y = 254 - 247. Let m be (1*2)/(1/2). Calculate the remainder when (-4)/2*(-14 + m) is divided by y.
6
Let s be 4 - -2 - (77 + 1). Suppose 2*t + 1 + 5 = 0. Calculate the remainder when (((-29)/t)/1)/((-24)/s) is divided by 5.
4
Let a(l) = -l**3 + 2*l**2 - 2*l + 9. Let t be a(3). Let f be t - (-40)/5 - (124 - 0). Let y = f - -203. What is the remainder when y is divided by 21?
18
Suppose -58*d + 18001 = 171*d - 319. Calculate the remainder when 2159 is divided by d.
79
Let s(z) = 3*z + 36. Let g = 46 - 57. Let x be s(g). Suppose 0 = q - 5*q + x*o + 8, 5*o = -q + 25. Calculate the remainder when 23 is divided by q.
3
Let n(t) = 2*t - 54. Let j be n(28). Let a = 181 - 124. Calculate the remainder when a is divided by 6/(-2) - (-30 - j).
28
Let j = 26604 - 26432. Calculate the remainder when 1047 is divided by j.
15
Let w(r) = -79*r + 5221. What is the remainder when 3179 is divided by w(46)?
5
Suppose 3324 + 1575 = 103*r + 985. Let g(p) = 6*p + 2. Let b(w) = w**3 - 2*w**2 - 2*w - 1. Let f be b(3). What is the remainder when r is divided by g(f)?
10
Let i(t) = 3*t - 2*t + 2 + 17*t**2 - 1. Calculate the remainder when i(-1) is divided by 14/4*14180/4963.
7
Suppose -43*r = -38*r - o - 541, 3*r - 331 = -o. What is the remainder when 334 is divided by r?
7
Suppose -10*s + s = 21*s - 16710. What is the remainder when s is divided by 256?
45
Let k(b) = -16*b - 40. Let h be k(-9). Let o = h - 97. Suppose 2 = -o*y + 58. Calculate the remainder when 15 is divided by y.
7
Suppose 3*o + 5*w = 131, 3*o - 11*w + 6*w - 121 = 0. What is the remainder when 114 is divided by o?
30
Let l be (-21)/(1*(-3)/2). Let i(a) = 4*a + 18. Let w be i(l). Let k = 135 - w. What is the remainder when k is divided by 21?
19
Let s = -12830 - -12877. What is the remainder when 8223 is divided by s?
45
What is the remainder when 73892/261 - 1/9 is divided by 55?
8
Suppose 0 = -41*h + 46526 - 24632. What is the remainder when h is divided by 492?
42
Let m(u) = -21*u**2 + 1324*u + 59. What is the remainder when 176 is divided by m(63)?
54
Let m = -38 + 59. Let i = -523 + 471. Let b = -11 - i. Calculate the remainder when b is divided by m.
20
Let r be ((-2)/(-4))/((10/5)/20). Suppose 4*b = -5*f + 6*f + 105, r*f = -4*b + 75. Calculate the remainder when b is divided by -2*(1 - (-18)/(-4)).
4
Let h = 56 + -30. Suppose 0 = 4*u + 2*z - 270, -u - 6*z = -4*z - 63. Let q = u + -62. Calculate the remainder when h is divided by q.
5
Calculate the remainder when 660 is divided by 83 - (-3 + 5 + -16 + 14).
79
Calculate the remainder when 1631 is divided by 4/6*(-3)/8 - 4773/(-148).
31
Suppose -128 = -11*j + 3*j. What is the remainder when (-1509)/(-12) + 8/32 is divided by j?
14
Suppose -15*d + 2 = -14*d. Suppose g - 3*k = 21, -4*g = -0*g - d*k - 124. What is the remainder when 60 is divided by g?
27
Let p = 39 + -30. Let m(d) = d**3 - 10*d**2 + 14*d - 47. Let t be m(p). What is the remainder when 36 is divided by (-2)/1*13/t?
10
Let r be (-3)/(-6)*1 - 169/2. What is the remainder when (-328)/(-2) + (-2)/1 is divided by 7767/189 - (-8)/r?
39
Suppose -4275 = 44*u - 31027. What is the remainder when u is divided by 51?
47
Calculate the remainder when 261 is divided by -10 + 34/4 + 195/2.
69
Suppose -4*n + 9 + 5 = -h, 5*h = -3*n - 1. Suppose -2*a = -2*j - 60, -n*a + 11 = 3*j - 55. Calculate the remainder when 140 is divided by a.
10
Suppose -260 = -551*q + 541*q. Suppose -4*g + 5 = 3*s, 2*g = 4*s + 3*g - 24. Calculate the remainder when q is divided by s.
5
Suppose -z = -4*f - 17, 3*z + 3*f = -z + 68. Let t = 12 + z. Suppose -5*n - 54 = -y + 45, -2*y + 2*n = -174. Calculate the remainder when y is divided by t.
26
Let a be 8/(-36) - 0 - 14/18. Let p be (-1388)/(-11) + (78/(-66) - a). Let j = p + -106. Calculate the remainder when j is divided by 8.
4
Let y = 4 - 1. Suppose -y*f = -2*f - 5. Suppose 87 = -4*o + 2*j + 111, 20 = 4*o - 3*j. What is the remainder when o is divided by f?
3
Let o = 288 - 426. Let n = o + 348. Calculate the remainder when n is divided by 53.
51
Suppose -29*g = -13*g + 69*g - 44965. Calculate the remainder when g is divided by 28.
25
Let u(y) = -6*y + 62. Let t(n) = -n. Let r(o) = -3*t(o) - u(o). What is the remainder when r(9) is divided by 12?
7
Let m(b) = b**2 + 79*b - 257. What is the remainder when m(-105) is divided by 9?
7
Let q(j) = 40*j + 1. Let k(a) = -16*a - 269. What is the remainder when k(-27) is divided by q(1)?
40
Suppose -2*b = -6*b + 208. Suppose 8*v + 3653 = 38*v + 803. What is the remainder when v is divided by b?
43
Suppose -23*m + 35*m + 1080 = 0. What is the remainder when 108 is divided by m/36*(1 + -3)?
3
Let f(q) = 10*q + 3. Calculate the remainder when -14*1/(-14)*294/3 is divided by f(3).
32
Calculate the remainder when 675 is divided by 1696/1272 - 3/(9/(-404)).
131
What is the remainder when 711 is divided by 234/(-91)*-3*(28/6 + 0)?
27
Suppose -4*w + 425 = 3*j, -4*j + 313 - 223 = w. What is the remainder when w is divided by (-3)/2*2 + 31?
26
Let d = 4844 + -3491. What is the remainder when d is divided by 12?
9
Let h(l) = l**2 + 134*l - 50. What is the remainder when 2461 is divided by h(-135)?
81
Let l = -673 - -677. Suppose b + 5*q = 321 - 88, -l*b + 3*q + 978 = 0. What is the remainder when b is divided by 61?
60
Let d be 13 + -9 - (-3 - (-3 + 9)). Suppose -d*i - 530 = -23*i. Calculate the remainder when 102 is divided by i.
49
Let u be (-4838)/(-10) - (-25)/125. Let f = -459 + u. What is the remainder when 120 is divided by f?
20
Suppose 5*p - 360 = 5*g, 0*g - 191 = -3*p - 2*g. Let b = -155 - -173. Suppose 0 = b*v - 337 - 77. What is the remainder when p is divided by v?
21
Let u(s) = -s**3 - 5*s**2 + 5*s - 13. Let j = 167 + -174. Calculate the remainder when u(j) is divided by 26.
24
Let h = 1335 + -1326. What is the remainder when (-121)/33*-1*12 is divided by h?
8
Let s(v) = -10*v + 2*v**2 + 0*v**2 + 2*v**2 - 3*v**2 - 8. Suppose -47*z + 15 = -42*z. What is the remainder when z is divided by s(11)?
0
Let o(y) = -117*y**3 + y**2. What is the remainder when 1537 is divided by o(-1)?
3
Let y(h) = h**3 - 9*h**2 + 19*h - 2. Let x be y(6). Let v(s) = -3*s + 30. Calculate the remainder when 179 is divided by v(x).
17
Let a = 2422 - 2379. Let n(q) = q**3 - q**2 + 4. What is the remainder when a is divided by n(3)?
21
Let r(l) = -l**3 + 19*l**2 - 6*l + 118. Let y be r(19). Let b(v) = 3*v**3 - 7*v**2 - 4*v - 13. Calculate the remainder when 114 is divided by b(y).
12
Suppose 3*i - 2*i - 5 = 0, 